 + 7*f. Suppose -2*l = -2*a - l, 0 = -5*a - 5*l - 30. List the prime factors of f*a*(-2)/1.
2
Suppose -5*n = -49 - 1. List the prime factors of (n/3)/(4/162).
3, 5
List the prime factors of (6 + -46)*138/(-24).
2, 5, 23
Let q = -1216 - -4925. What are the prime factors of q?
3709
Let p = -81 + 105. Let g = p - -136. What are the prime factors of g?
2, 5
Suppose 5*c + c = 24. Let z = 22 - c. What are the prime factors of z?
2, 3
Let t = 73 + -46. Let r = 4 - t. Let q = -15 - r. List the prime factors of q.
2
Let u(i) = -54*i + 0 - 1 + 3. Let w be u(-1). Suppose -w = -4*t - 5*x, 3*t - 2*x - 42 = -6*x. What are the prime factors of t?
2, 7
Let z(h) = -3*h**3 + h**2 + 2*h + 4. Let u = 9 + -7. Suppose 3*k - 16 = u*y, -2*y = -y + 3*k - 10. List the prime factors of z(y).
2, 7
Let j(a) = -22*a**3 + 39*a**3 + 29*a**2 - 16*a**3 - 22 + 13*a - 7*a**2. List the prime factors of j(-21).
2, 73
Let q = -3496 - -7829. What are the prime factors of q?
7, 619
Let g(v) = -v**2 + 3. Let m be g(0). Suppose -q = -m*q + 86. Suppose 5*y = 2*s - 3 - 32, -4*s = -y - q. What are the prime factors of s?
2, 5
Let p(a) = -a**2 - 5*a. Let j be p(-5). Let h be 11 + -1*(-3 - -4). Suppose -h*x + 8*x + 32 = j. What are the prime factors of x?
2
Let o(x) = -x**3 + x. Let f be o(2). Let u = f - -6. Suppose -4*j + 18 = 3*y, j + u*j = 3*y - 3. List the prime factors of j.
3
Suppose -5*d + 6724 = 39*r - 38*r, 4*d - 5*r - 5385 = 0. What are the prime factors of d?
5, 269
Let u = -136 - -1191. What are the prime factors of u?
5, 211
Let x(h) = -5*h**3 - 17*h**2 + 8*h - 33. What are the prime factors of x(-9)?
3, 7, 103
List the prime factors of 6484/10 + (-56)/140.
2, 3
Suppose 634 = z + 240. Suppose 3*v - 242 = 4*q, 5*v + q - z = 3*q. List the prime factors of v.
2, 3, 13
Suppose -786*f + 814*f = 134036. List the prime factors of f.
4787
Let t(g) = g**2 + g + 1. Suppose -3*v + 3 = -2*v. Suppose -9 = -v*u + 3. List the prime factors of t(u).
3, 7
Let f be 38/4 - 6/(-12). Suppose 6*o - f = o. What are the prime factors of (-6)/3 + 5 + o?
5
Let h = -136 + 223. What are the prime factors of h?
3, 29
Suppose 3*a = -58*z + 60*z + 1853, z = 4*a - 2464. List the prime factors of a.
3, 5, 41
Let q = 44 + -47. What are the prime factors of (-164)/q*6/(-4)*-1?
2, 41
Suppose 0 = -5*w + 4*z - 12, w + 2*w = -z + 3. Suppose -4*a + 562 + 38 = w. List the prime factors of a.
2, 3, 5
Suppose 295 = -5*g + 1025. List the prime factors of g.
2, 73
Suppose -2 = j - 9. Suppose -a = -x - 3*x + 33, 2*a = 5*x - 45. Suppose x = 2*d - j. What are the prime factors of d?
7
Suppose 3*o + 14 - 26 = 0. Let k(w) be the first derivative of -w**4/4 + 4*w**3/3 + 3*w**2 - 5*w + 1. List the prime factors of k(o).
19
Suppose 0 = -473*i + 464*i + 28854. List the prime factors of i.
2, 7, 229
Let z(u) = -u - 8. Let r be z(-5). What are the prime factors of (-4 - 9/r) + 46?
3, 5
Let m(r) be the second derivative of r**4/12 + 7*r**3/6 + 3*r. Let q be m(-6). Let x(z) = z**2 + 5*z + 6. What are the prime factors of x(q)?
2, 3
What are the prime factors of -120*(65/20 - 3)*-6?
2, 3, 5
Let l = 229 + 33. Let p = l - 182. What are the prime factors of p?
2, 5
Let j(u) = -u + 11. Let n be j(9). Suppose t = -2*h + 4*t + 161, n*h = t + 159. Let x = -46 + h. What are the prime factors of x?
3, 11
List the prime factors of (91/(-3) - 1)/((-204)/9486).
31, 47
Suppose 4*p + 0*p + 8 = 3*c, 3*c - 4 = 2*p. Suppose -g + 2*v - 8 = c, -4*v + 21 = -3*g + 7. What are the prime factors of (g/4)/((-4)/(-432))?
2, 3
Let a be (-48)/56*(3 + 4). Let g(t) = -t**3 + 4*t**2 + t - 3. Let w be g(3). Let u = a + w. List the prime factors of u.
3
Let f(r) = -5 + 0*r - 3*r**2 - 7*r - 7*r**3 - 18*r**3 + 24*r**3. What are the prime factors of f(-6)?
5, 29
Let o = 1045 - 431. What are the prime factors of o?
2, 307
Suppose 0 = 4*j - 2*x + 2 - 14, 0 = j - 3*x - 3. Suppose -2*g - 4*c = -j*g + 158, -g - c = -158. List the prime factors of g.
2, 79
Let c = 376 - -16. Let s = c + -212. List the prime factors of s.
2, 3, 5
Let g(t) be the first derivative of t**5/30 + t**3/3 - 3*t**2 + 7. Let j(a) be the second derivative of g(a). List the prime factors of j(-5).
2, 13
Suppose -21*x + 4221 = -2646. List the prime factors of x.
3, 109
Suppose 3*u - c - 9 = 4*c, -5 = -2*u + 3*c. Let w be 8/u*(-5)/4. Suppose -2*d + w*b + 2 = -15, -3*b = 5*d - 120. What are the prime factors of d?
3, 7
Suppose -9952 = -105*s + 73*s. List the prime factors of s.
311
Let v(t) = -t - 4. Suppose 0 = 4*f - 2*i + 22, -4*f - 5*i = 24 + 5. Let o be v(f). Suppose 32 + 0 = o*p. List the prime factors of p.
2
List the prime factors of -4*(-4078)/8 - -10.
3, 683
Let t = 712 + -484. Suppose 5*f = 4*k + t - 77, 4*f - 120 = 3*k. List the prime factors of f.
3
Let b(l) = -l**2 - 18*l - 16. Let a be b(-10). Let s = -39 + a. List the prime factors of s.
5
Suppose -2*f = -0*f. Suppose -4*s + f = -16. Let l = 10 + s. List the prime factors of l.
2, 7
Suppose 0 = 5*m + 4*o - 1712, m + 23*o = 21*o + 346. What are the prime factors of m?
2, 5, 17
Let q = -31 + 31. Suppose -11*z + 0*z + 814 = q. List the prime factors of z.
2, 37
Let h(k) = -2*k - 25. Let s be h(-14). Suppose 14 + 259 = 4*x + s*q, 2*x = 4*q + 142. List the prime factors of x.
3, 23
Let h be -1 - ((-14)/49 - (-33)/(-7)). Suppose h*p - 294 = p. List the prime factors of p.
2, 7
Let r(q) = -q**2 - 6*q. Let h be r(-6). Suppose 4*b + 20 = -3*n, h = 3*b + n - 5*n + 40. List the prime factors of 3 + (-68)/b*2.
2, 5
Let z = 13088 - 9139. List the prime factors of z.
11, 359
Suppose -388 = 5*i - 123. Suppose v - 3*r = -106, -3*r = -7*v + 2*v - 482. Let o = i - v. What are the prime factors of o?
41
Let x be 0 + (-3 - -7) + 177. Let j be 7/7 + (2 - -1). Suppose u + j*p = -4*u + 315, -4*p + x = 3*u. What are the prime factors of u?
67
Suppose -28*c + 2*c = -64298. List the prime factors of c.
2473
Let o(j) be the third derivative of j**5/60 + j**4/24 + 97*j**3/6 + 21*j**2. What are the prime factors of o(0)?
97
Let d(k) = 17*k**2 - 5*k - 60. What are the prime factors of d(-12)?
2, 3, 17
Let o = -4 - -8. Let y(k) = k**3 - 3*k + 1. Let i be y(0). Suppose 5*q + l = 48, -5*l + i = o*q - 29. List the prime factors of q.
2, 5
Let k = 7544 + -4594. List the prime factors of k.
2, 5, 59
Suppose 17*d = 2329 - 68. What are the prime factors of d?
7, 19
Let m(u) = -2*u**2 - 20*u - 3. Let s(v) = -v**2 - 7*v - 1. Let o(p) = 4*m(p) - 11*s(p). Let q be o(3). Suppose -q - 23 = -5*l. List the prime factors of l.
2
Suppose 13*w - 16438 - 13774 = 0. What are the prime factors of w?
2, 7, 83
Suppose 0 = 2*z + 5*a - 31, -2*z + 41 = -2*a + 5*a. What are the prime factors of ((-266)/z)/(2/(-4))?
19
Let l = 362 - 172. What are the prime factors of l?
2, 5, 19
List the prime factors of ((1 - 6) + 4)*(-7 + -1402).
1409
Let i be -755*(2 + (-28)/10) + 0. Let q = -312 + i. What are the prime factors of q?
2, 73
Suppose 3*d - 1799 = -4*k, -5*k + d = -4*d - 2275. List the prime factors of -3*(0 + k/(-12)).
113
Let c = -371 - -495. What are the prime factors of c?
2, 31
Suppose 0 = 23*v - 28*v + 95. Suppose 0 = -u + v + 1. What are the prime factors of u?
2, 5
Let x be (-2)/(-10) - 917/35. Let b be (x/8)/(18/216). Let y = b + 86. List the prime factors of y.
47
Let b = 5 - 3. Let w = 161 - 98. Suppose -2*d - 20 + 88 = 4*g, -w = -b*d - 5*g. List the prime factors of d.
2, 11
Let h(g) = 21*g + 146. List the prime factors of h(29).
5, 151
Let u(n) = -n**3 - 8*n**2 - 3*n - 3. Let w be u(-8). Let i = -14 + w. Let l(m) = m**3 - 8*m**2 + 7*m + 4. What are the prime factors of l(i)?
2
What are the prime factors of 28 + -24 - (-5)/(15/2586)?
2, 433
Let t be (8/10)/((-12)/390). List the prime factors of (-1 - 68)/(39/t).
2, 23
Suppose 10*s - 17*s = -1708. Suppose 684 - s = 5*n. List the prime factors of n.
2, 11
Let m(k) = -k**3 - 10*k**2 - 10*k - 12. Let u be m(-9). Let o be 30*(u + 3 - 1). What are the prime factors of (136/(-6))/(20/o)?
2, 17
Let m(c) = c - 18. Let g be m(6). List the prime factors of 177*(-4)/g - -4.
3, 7
Let p be 15/(-13) - (-2)/13. Let c be (-1)/(75/80 + p). Suppose -34 = -5*f + 5*o + c, -o = -5*f + 30. List the prime factors of f.
5
Suppose -2*y + 2*i - i = -2629, 4*y - 4*i = 5264. List the prime factors of y.
13, 101
Let w be -6 + 6 + (-4)/(-2). Let l = w + 30. Suppos